b + 4. What is s(-2)?
-18
Let r(j) = -j**3 - 28*j**2 + 84*j - 280. Determine r(-31).
-1
Let j(x) = -6*x**2 - 24*x + 2. Determine j(-2).
26
Let t(j) = 58*j - 582. Calculate t(10).
-2
Let n(u) = 1261*u - 21436. What is n(17)?
1
Let w(p) = 9*p**2 + 100*p - 490. What is w(5)?
235
Let h(y) = 3*y**2 - 487*y + 10080. Determine h(138).
6
Let v(p) = 377*p - 2633. Determine v(7).
6
Let q(z) = 2*z**3 + 17*z**2 - 47*z + 83. Calculate q(-11).
-5
Let f(r) = 13323*r + 66591. Calculate f(-5).
-24
Let g(k) = -k**3 - 13*k**2 + 16*k + 192. Give g(-13).
-16
Let n(o) = -3*o**2 - 97*o - 550. Calculate n(-25).
0
Let f(j) = j**2 - j - 116. Determine f(-15).
124
Let n(o) = -2*o**2 + 113*o + 290. Give n(59).
-5
Let g(w) = 3*w**2 + 41*w + 157. Give g(-6).
19
Let w(g) = 4*g**2 + 47*g - 6. What is w(-8)?
-126
Let s(z) = -z**2 + 820*z + 4962. Give s(-6).
6
Let x(m) = -8*m**2 - 62*m + 24. What is x(-13)?
-522
Let x(f) = -20*f**2 + 1317*f + 166. Give x(66).
-32
Let k(m) = m**3 - 35*m**2 + 131*m - 3286. Give k(34).
12
Let j(v) = -v**2 + 30*v - 223. What is j(8)?
-47
Let v(q) = 616*q + 12320. Determine v(-20).
0
Let w(h) = 219*h**2 - 14*h - 12. Determine w(-1).
221
Let x(h) = -5*h - 112. What is x(-37)?
73
Let y(i) = 86*i - 6053. Give y(70).
-33
Let j(o) = 2*o**2 - 5*o - 18. Give j(6).
24
Let d(f) = 536*f + 3506. What is d(-7)?
-246
Let s(g) = 127*g - 9039. Determine s(71).
-22
Let y(d) = -7*d**2 + 265*d - 231. Calculate y(37).
-9
Let s(p) = p**3 + 30*p**2 + 33*p - 657. What is s(-28)?
-13
Let c(p) = 35*p + 886. Determine c(-26).
-24
Let s(v) = v**3 + 3*v**2 - 16*v + 34. Give s(3).
40
Let b(u) = -u**2 - 15*u - 20. Give b(-10).
30
Let n(q) = 89*q - 28. Determine n(5).
417
Let l(i) = -102*i + 1092. Give l(11).
-30
Let w(o) = -115*o - 1831. Calculate w(-10).
-681
Let j(l) = l**2 + 6*l + 31. Give j(-3).
22
Let a(o) = 16*o**2 - 341*o - 740. What is a(-2)?
6
Let b(a) = -2*a**3 - 102*a**2 - 81*a + 913. What is b(-50)?
-37
Let s(w) = 445*w - 9710. Calculate s(22).
80
Let f(n) = n**3 - 18*n**2 + 4. Calculate f(18).
4
Let a(n) = 4*n**3 + 150*n**2 + 75*n - 52. Determine a(-37).
-89
Let l(h) = -34*h**2 - 28*h - 29. Determine l(-1).
-35
Let u(h) = -5*h**3 + 15*h**2 - 32*h + 1. Calculate u(3).
-95
Let a(y) = 23*y - 278. Calculate a(15).
67
Let u(t) = -t**2 - 6*t - 9. What is u(-5)?
-4
Let h(r) = -10*r**2 - 2059*r + 2060. What is h(1)?
-9
Let k(s) = s**2 - 6*s - 61. Calculate k(7).
-54
Let c(u) = -u**2 - 81*u - 390. Determine c(-5).
-10
Let i(b) = 7*b**2 + 65*b + 5. Give i(-9).
-13
Let a(f) = -3*f**2 + 304*f - 7580. Determine a(56).
36
Let a(p) = p**3 + 13*p**2 - 16*p - 417. What is a(-11)?
1
Let n(t) = -t**3 - 9*t**2 - 25*t - 12. Give n(-4).
8
Let g(d) = -219*d**2 - 649*d + 28. Give g(-3).
4
Let m(v) = v**3 - 8*v**2 + 2*v + 115. Determine m(-8).
-925
Let l(i) = -i**3 + 22*i**2 + 4*i + 3. Give l(21).
528
Let x(i) = i**3 - 9*i**2 + 3*i - 137. Give x(11).
138
Let y(i) = i**3 - 14*i**2 + 24*i - 50. Calculate y(7).
-225
Let t(y) = -y**2 - 39*y - 97. What is t(-3)?
11
Let k(b) = b**3 - 43*b**2 + 35*b + 352. Give k(42).
58
Let s(t) = -257*t**2 - 1562*t - 105. Give s(-6).
15
Let g(k) = -26*k - 50. Give g(0).
-50
Let x(j) = -1715*j - 128618. What is x(-75)?
7
Let k(w) = -w**3 + 12*w**2 - 8*w - 4. Calculate k(3).
53
Let c(n) = -n**2 + 519*n - 24289. Determine c(52).
-5
Let u(w) = -3*w**2 - 27*w + 155. What is u(4)?
-1
Let s(x) = x**3 + 13*x**2 + 8*x + 312. Determine s(-14).
4
Let k(n) = 2*n**2 - 3*n - 101. Determine k(-6).
-11
Let h(o) = 245*o - 986. Give h(4).
-6
Let a(t) = -220*t - 481. Give a(-2).
-41
Let o(s) = s**2 - 6*s - 83. What is o(0)?
-83
Let q(n) = 3*n + 235. Give q(16).
283
Let y(u) = -u**2 + 145*u - 1839. Give y(14).
-5
Let l(c) = -c**3 - 2*c**2 - 7*c. Calculate l(-2).
14
Let b(g) = -g**3 - 52*g**2 - 642*g - 57. Calculate b(-32).
7
Let v(m) = 15295*m + 152953. Calculate v(-10).
3
Let y(j) = -3*j**3 - 30*j**2 - 4*j - 16. Determine y(-10).
24
Let l(f) = -f**2 - 8*f + 238. What is l(-20)?
-2
Let j(d) = 190*d**3 + 2*d**2 + 18*d - 19. Determine j(1).
191
Let n(k) = k**2 + 9*k - 585. Give n(-29).
-5
Let h(j) = -j**2 - j + 409. Determine h(-21).
-11
Let w(m) = -m**3 + 11*m**2 - 25*m + 32. Give w(8).
24
Let a(o) = -38*o - 754. Determine a(-36).
614
Let z(x) = -x**2 + 8*x + 80. Determine z(14).
-4
Let y(i) = 3*i**3 + 2*i**2 + i - 114. Give y(0).
-114
Let h(m) = 4*m**3 - 61*m**2 + 11*m + 121. Give h(15).
61
Let n(a) = 8*a**2 - 113*a - 8827. What is n(41)?
-12
Let j(b) = 6083*b - 36499. Give j(6).
-1
Let w(b) = -13*b - 348. Calculate w(-30).
42
Let o(z) = -101*z - 725. Determine o(0).
-725
Let u(k) = 8*k**2 - 102*k + 77. Determine u(8).
-227
Let j(g) = -6*g + 317. Determine j(54).
-7
Let t(m) = 62*m - 1003. Calculate t(17).
51
Let y(l) = -2*l**3 + 15*l**2 - 3*l + 25. Determine y(8).
-63
Let s(x) = -3*x**3 + 34*x**2 - 67*x + 21. Determine s(9).
-15
Let c(m) = -50*m - 1957. Calculate c(-39).
-7
Let x(g) = 128*g + 1148. Determine x(-9).
-4
Let q(i) = i**2 - 42*i - 353. Give q(-8).
47
Let i(y) = y**2 - 72*y + 911. Determine i(16).
15
Let h(s) = 506*s + 6582. What is h(-13)?
4
Let b(a) = a**2 + 1520*a - 16829. Determine b(11).
12
Let b(h) = -h**3 - 3*h**2 + 21*h + 15. Determine b(-6).
-3
Let w(s) = 2*s**3 + 73*s**2 + 316*s + 4. Calculate w(-5).
-1
Let k(v) = 324*v + 5183. Give k(-16).
-1
Let g(x) = -2*x**2 - 78*x + 864. Calculate g(9).
0
Let k(l) = -13*l**2 + 823*l - 196. Determine k(63).
56
Let z(n) = -4*n**2 - 10*n + 193. Calculate z(13).
-613
Let y(u) = 3*u**2 - 24*u + 97. Give y(5).
52
Let u(a) = -a**3 + 28*a**2 + 64*a - 118. Give u(30).
2
Let c(h) = -7*h**2 - 18*h + 112. What is c(5)?
-153
Let n(z) = 11*z**2 - 825*z - 15. Determine n(75).
-15
Let c(r) = -r**2 - 150*r + 10002. What is c(50)?
2
Let k(l) = 11*l**2 + 66*l - 465. What is k(7)?
536
Let n(s) = -19*s + 67. Give n(14).
-199
Let g(m) = -2*m**3 + 33*m**2 - 100*m + 18. Calculate g(12).
114
Let u(k) = 17*k - 855. What is u(49)?
-22
Let i(u) = -254*u - 4588. Determine i(-18).
-16
Let r(m) = 69*m + 760. Give r(-12).
-68
Let p(q) = 2*q**2 + 50*q + 117. Determine p(-23).
25
Let b(g) = 9*g**2 + 17*g - 243. Determine b(-6).
-21
Let j(g) = -g**3 + 5*g**2 + g + 67. Give j(8).
-117
Let d(z) = -z**3 + 13*z**2 + 79*z - 1019. Determine d(13).
8
Let c(a) = -221*a**2 - 2*a - 1. Calculate c(-2).
-881
Let k(j) = 5*j + 170. What is k(8)?
210
Let p(n) = -2*n**3 + 67*n**2 - 37*n - 8. Determine p(33).
-140
Let s(r) = -5*r - 98. Give s(-21).
7
Let q(k) = -39*k - 162. Calculate q(1).
-201
Let o(l) = -16*l + 332. What is o(16)?
76
Let o(q) = 96*q - 470. What is o(9)?
394
Let w(q) = 19*q + 214. Calculate w(-9).
43
Let w(a) = 386*a - 1896. Calculate w(5).
34
Let a(w) = 21*w**2 + 14*w + 2. What is a(-6)?
674
Let m(r) = -r + 45. Determine m(51).
-6
Let z(r) = 128*r**2 + 751*r + 1. What is z(-6)?
103
Let f(z) = -z**2 + 17*z - 25. What is f(11)?
41
Let k(p) = 125*p + 358. What is k(-3)?
-17
Let m(u) = 4*u**2 - 14*u - 318. Calculate m(-10).
222
Let p(b) = 3*b**2 + 38*b + 67. Calculate p(-15).
172
Let w(i) = -2*i**3 + 57*i**2 - 31*i + 78. Give w(28).
-6
Let w(z) = -12*z**3 - 1188*z**2 + 10. What is w(-99)?
10
Let i(c) = 2*c - 40. Calculate i(39).
38
Let a(t) = -10*t**2 + 138*t + 58. Determine a(14).
30
Let m(a) = -1391*a - 8319. Determine m(-6).
27
Let c(o) = -o**3 - 46*o**2 - 39*o + 91. Give c(-45).
-179
Let k(b) = 7*b - 207. Give k(9).
-144
Let y(t) = 57*t**2 - 15329*t - 1067. What is y(269)?
9
Let u(b) = 6*b - 375. Calculate u(13).
-297
Let m(w) = w**2 + 65*w + 433. What is m(-58)?
27
Let u(n) = 67*n + 601. Give u(-9).
-2
Let i(s) = -s**3 - 38*s**2 - 84*s - 1801. Determine i(-37).
-62
Let j(y) = 1071*y + 4280. Give j(-4).
-4
Let z(m) = 21*m - 75. Calculate z(4).
9
Let p(s) = s**2 + 28746*s - 86244. Give p(3).
3
Let u(t) = t**2 - 103*t + 103. Give u(1).
1
Let f(l) = l**3 + 52*l**2 + 316*l + 38. Calculate f(-45).
-7
Let y(r) = 1162*r + 15086. Give y(-13).
-20
Let r(o) = -o**2 + 24*o - 55. Calculate r(5).
40
Let d(n) = 115*n + 6205. Give d(-54).
-5
Let t(b) = -b**2 - 83*b - 339. Give t(-79).
-23
Let l(x) = -x**3 + 24*x**2 - 38*x + 30. Give l(23).
-315
Let k(c) = -3*c**2 + 1950*c + 3906. Give k(-2).
-6
Let w(r) = r**3 + 15*r**2 - 25*r + 152. Calculate w(-17).
-1
Let g(p) = 648*p - 1935. Give g(3).
9
Let q(b) = b**3 - 24*b**2 + 149*b - 827. Calculate q(18).
-89
Let v(i) 